{"id":9223,"date":"2020-04-16T23:28:01","date_gmt":"2020-04-16T21:28:01","guid":{"rendered":"https:\/\/www.lamhair.be\/shop\/?post_type=product&#038;p=9223"},"modified":"2024-11-10T16:15:40","modified_gmt":"2024-11-10T15:15:40","slug":"shampoing-loreal-expert-curl-contour-400ml","status":"publish","type":"product","link":"https:\/\/www.lamhair.be\/shop\/product\/shampoing-loreal-expert-curl-contour-400ml\/","title":{"rendered":"Shampoing L\u2019Or\u00e9al Expert Curl Contour 400ml"},"content":{"rendered":"","protected":false},"excerpt":{"rendered":"<p>Le Shampooing Curl Contour Cleansing Conditioner.<br \/>\nSa formule cr\u00e8me nettoyante ne moussant pratiquement pas, permet de laver en douceur le cuir chevelu et de soigner la fibre capillaire.<br \/>\nId\u00e9al pour les cheveux boucl\u00e9s et les lavages fr\u00e9quents.<\/p>\n","protected":false},"featured_media":9324,"comment_status":"open","ping_status":"closed","template":"","meta":[],"product_cat":[15],"product_tag":[],"yoast_head":"<!-- This site is optimized with the Yoast SEO plugin v19.5.1 - https:\/\/yoast.com\/wordpress\/plugins\/seo\/ -->\n<title>Shampoing L\u2019Or\u00e9al Expert Curl Contour 400ml - Lamhair - boutique<\/title>\n<meta name=\"robots\" content=\"index, follow, max-snippet:-1, max-image-preview:large, max-video-preview:-1\" \/>\n<link rel=\"canonical\" href=\"https:\/\/www.lamhair.be\/shop\/product\/shampoing-loreal-expert-curl-contour-400ml\/\" \/>\n<meta property=\"og:locale\" content=\"fr_FR\" \/>\n<meta property=\"og:type\" content=\"article\" \/>\n<meta property=\"og:title\" content=\"Shampoing L\u2019Or\u00e9al Expert Curl Contour 400ml - Lamhair - boutique\" \/>\n<meta property=\"og:description\" content=\"Le Shampooing Curl Contour Cleansing Conditioner. Sa formule cr\u00e8me nettoyante ne moussant pratiquement pas, permet de laver en douceur le cuir chevelu et de soigner la fibre capillaire. Id\u00e9al pour les cheveux boucl\u00e9s et les lavages fr\u00e9quents.\" \/>\n<meta property=\"og:url\" content=\"https:\/\/www.lamhair.be\/shop\/product\/shampoing-loreal-expert-curl-contour-400ml\/\" \/>\n<meta property=\"og:site_name\" content=\"Lamhair - boutique\" \/>\n<meta property=\"article:modified_time\" content=\"2024-11-10T15:15:40+00:00\" \/>\n<meta property=\"og:image\" content=\"https:\/\/www.lamhair.be\/shop\/wp-content\/uploads\/2020\/04\/43.jpg\" \/>\n\t<meta property=\"og:image:width\" content=\"690\" \/>\n\t<meta property=\"og:image:height\" content=\"690\" \/>\n\t<meta property=\"og:image:type\" content=\"image\/jpeg\" \/>\n<meta name=\"twitter:card\" content=\"summary_large_image\" \/>\n<script type=\"application\/ld+json\" class=\"yoast-schema-graph\">{\"@context\":\"https:\/\/schema.org\",\"@graph\":[{\"@type\":\"WebPage\",\"@id\":\"https:\/\/www.lamhair.be\/shop\/product\/shampoing-loreal-expert-curl-contour-400ml\/\",\"url\":\"https:\/\/www.lamhair.be\/shop\/product\/shampoing-loreal-expert-curl-contour-400ml\/\",\"name\":\"Shampoing L\u2019Or\u00e9al Expert Curl Contour 400ml - Lamhair - boutique\",\"isPartOf\":{\"@id\":\"https:\/\/www.lamhair.be\/shop\/#website\"},\"datePublished\":\"2020-04-16T21:28:01+00:00\",\"dateModified\":\"2024-11-10T15:15:40+00:00\",\"breadcrumb\":{\"@id\":\"https:\/\/www.lamhair.be\/shop\/product\/shampoing-loreal-expert-curl-contour-400ml\/#breadcrumb\"},\"inLanguage\":\"fr-FR\",\"potentialAction\":[{\"@type\":\"ReadAction\",\"target\":[\"https:\/\/www.lamhair.be\/shop\/product\/shampoing-loreal-expert-curl-contour-400ml\/\"]}]},{\"@type\":\"BreadcrumbList\",\"@id\":\"https:\/\/www.lamhair.be\/shop\/product\/shampoing-loreal-expert-curl-contour-400ml\/#breadcrumb\",\"itemListElement\":[{\"@type\":\"ListItem\",\"position\":1,\"name\":\"Home\",\"item\":\"https:\/\/www.lamhair.be\/shop\/\"},{\"@type\":\"ListItem\",\"position\":2,\"name\":\"La boutique\",\"item\":\"https:\/\/www.lamhair.be\/shop\/shop\/\"},{\"@type\":\"ListItem\",\"position\":3,\"name\":\"Shampoing L\u2019Or\u00e9al Expert Curl Contour 400ml\"}]},{\"@type\":\"WebSite\",\"@id\":\"https:\/\/www.lamhair.be\/shop\/#website\",\"url\":\"https:\/\/www.lamhair.be\/shop\/\",\"name\":\"Lamhair - boutique\",\"description\":\"\",\"potentialAction\":[{\"@type\":\"SearchAction\",\"target\":{\"@type\":\"EntryPoint\",\"urlTemplate\":\"https:\/\/www.lamhair.be\/shop\/?s={search_term_string}\"},\"query-input\":\"required name=search_term_string\"}],\"inLanguage\":\"fr-FR\"}]}<\/script>\n<!-- \/ Yoast SEO plugin. -->","yoast_head_json":{"title":"Shampoing L\u2019Or\u00e9al Expert Curl Contour 400ml - Lamhair - boutique","robots":{"index":"index","follow":"follow","max-snippet":"max-snippet:-1","max-image-preview":"max-image-preview:large","max-video-preview":"max-video-preview:-1"},"canonical":"https:\/\/www.lamhair.be\/shop\/product\/shampoing-loreal-expert-curl-contour-400ml\/","og_locale":"fr_FR","og_type":"article","og_title":"Shampoing L\u2019Or\u00e9al Expert Curl Contour 400ml - Lamhair - boutique","og_description":"Le Shampooing Curl Contour Cleansing Conditioner. Sa formule cr\u00e8me nettoyante ne moussant pratiquement pas, permet de laver en douceur le cuir chevelu et de soigner la fibre capillaire. Id\u00e9al pour les cheveux boucl\u00e9s et les lavages fr\u00e9quents.","og_url":"https:\/\/www.lamhair.be\/shop\/product\/shampoing-loreal-expert-curl-contour-400ml\/","og_site_name":"Lamhair - boutique","article_modified_time":"2024-11-10T15:15:40+00:00","og_image":[{"width":690,"height":690,"url":"https:\/\/www.lamhair.be\/shop\/wp-content\/uploads\/2020\/04\/43.jpg","type":"image\/jpeg"}],"twitter_card":"summary_large_image","schema":{"@context":"https:\/\/schema.org","@graph":[{"@type":"WebPage","@id":"https:\/\/www.lamhair.be\/shop\/product\/shampoing-loreal-expert-curl-contour-400ml\/","url":"https:\/\/www.lamhair.be\/shop\/product\/shampoing-loreal-expert-curl-contour-400ml\/","name":"Shampoing L\u2019Or\u00e9al Expert Curl Contour 400ml - Lamhair - boutique","isPartOf":{"@id":"https:\/\/www.lamhair.be\/shop\/#website"},"datePublished":"2020-04-16T21:28:01+00:00","dateModified":"2024-11-10T15:15:40+00:00","breadcrumb":{"@id":"https:\/\/www.lamhair.be\/shop\/product\/shampoing-loreal-expert-curl-contour-400ml\/#breadcrumb"},"inLanguage":"fr-FR","potentialAction":[{"@type":"ReadAction","target":["https:\/\/www.lamhair.be\/shop\/product\/shampoing-loreal-expert-curl-contour-400ml\/"]}]},{"@type":"BreadcrumbList","@id":"https:\/\/www.lamhair.be\/shop\/product\/shampoing-loreal-expert-curl-contour-400ml\/#breadcrumb","itemListElement":[{"@type":"ListItem","position":1,"name":"Home","item":"https:\/\/www.lamhair.be\/shop\/"},{"@type":"ListItem","position":2,"name":"La boutique","item":"https:\/\/www.lamhair.be\/shop\/shop\/"},{"@type":"ListItem","position":3,"name":"Shampoing L\u2019Or\u00e9al Expert Curl Contour 400ml"}]},{"@type":"WebSite","@id":"https:\/\/www.lamhair.be\/shop\/#website","url":"https:\/\/www.lamhair.be\/shop\/","name":"Lamhair - boutique","description":"","potentialAction":[{"@type":"SearchAction","target":{"@type":"EntryPoint","urlTemplate":"https:\/\/www.lamhair.be\/shop\/?s={search_term_string}"},"query-input":"required name=search_term_string"}],"inLanguage":"fr-FR"}]}},"_links":{"self":[{"href":"https:\/\/www.lamhair.be\/shop\/wp-json\/wp\/v2\/product\/9223"}],"collection":[{"href":"https:\/\/www.lamhair.be\/shop\/wp-json\/wp\/v2\/product"}],"about":[{"href":"https:\/\/www.lamhair.be\/shop\/wp-json\/wp\/v2\/types\/product"}],"replies":[{"embeddable":true,"href":"https:\/\/www.lamhair.be\/shop\/wp-json\/wp\/v2\/comments?post=9223"}],"wp:featuredmedia":[{"embeddable":true,"href":"https:\/\/www.lamhair.be\/shop\/wp-json\/wp\/v2\/media\/9324"}],"wp:attachment":[{"href":"https:\/\/www.lamhair.be\/shop\/wp-json\/wp\/v2\/media?parent=9223"}],"wp:term":[{"taxonomy":"product_cat","embeddable":true,"href":"https:\/\/www.lamhair.be\/shop\/wp-json\/wp\/v2\/product_cat?post=9223"},{"taxonomy":"product_tag","embeddable":true,"href":"https:\/\/www.lamhair.be\/shop\/wp-json\/wp\/v2\/product_tag?post=9223"}],"curies":[{"name":"wp","href":"https:\/\/api.w.org\/{rel}","templated":true}]}}