{"id":9299,"date":"2020-04-17T11:28:01","date_gmt":"2020-04-17T09:28:01","guid":{"rendered":"https:\/\/www.lamhair.be\/shop\/?post_type=product&#038;p=9299"},"modified":"2020-04-17T15:28:55","modified_gmt":"2020-04-17T13:28:55","slug":"stiff-pommade-loreal-75ml","status":"publish","type":"product","link":"https:\/\/www.lamhair.be\/shop\/product\/stiff-pommade-loreal-75ml\/","title":{"rendered":"STIFF Pommade L&rsquo;Or\u00e9al 75ml"},"content":{"rendered":"","protected":false},"excerpt":{"rendered":"<p>Pommade force 5.<br \/>\nCr\u00e9meuse et repositionnable.<br \/>\nId\u00e9al quand on d\u00e9sire structurer une coiffure et \u00e9galement savoir y passer ses mains tout au long de la journ\u00e9e.<\/p>\n","protected":false},"featured_media":9355,"comment_status":"open","ping_status":"closed","template":"","meta":[],"product_cat":[20],"product_tag":[],"yoast_head":"<!-- This site is optimized with the Yoast SEO plugin v19.5.1 - https:\/\/yoast.com\/wordpress\/plugins\/seo\/ -->\n<title>STIFF Pommade L&#039;Or\u00e9al 75ml - Lamhair - boutique<\/title>\n<meta name=\"robots\" content=\"index, follow, max-snippet:-1, max-image-preview:large, max-video-preview:-1\" \/>\n<link rel=\"canonical\" href=\"https:\/\/www.lamhair.be\/shop\/product\/stiff-pommade-loreal-75ml\/\" \/>\n<meta property=\"og:locale\" content=\"fr_FR\" \/>\n<meta property=\"og:type\" content=\"article\" \/>\n<meta property=\"og:title\" content=\"STIFF Pommade L&#039;Or\u00e9al 75ml - Lamhair - boutique\" \/>\n<meta property=\"og:description\" content=\"Pommade force 5. Cr\u00e9meuse et repositionnable.  Id\u00e9al quand on d\u00e9sire structurer une coiffure et \u00e9galement savoir y passer ses mains tout au long de la journ\u00e9e.\" \/>\n<meta property=\"og:url\" content=\"https:\/\/www.lamhair.be\/shop\/product\/stiff-pommade-loreal-75ml\/\" \/>\n<meta property=\"og:site_name\" content=\"Lamhair - boutique\" \/>\n<meta property=\"article:modified_time\" content=\"2020-04-17T13:28:55+00:00\" \/>\n<meta property=\"og:image\" content=\"https:\/\/www.lamhair.be\/shop\/wp-content\/uploads\/2020\/04\/47.jpg\" \/>\n\t<meta property=\"og:image:width\" content=\"690\" \/>\n\t<meta property=\"og:image:height\" content=\"690\" \/>\n\t<meta property=\"og:image:type\" content=\"image\/jpeg\" \/>\n<meta name=\"twitter:card\" content=\"summary_large_image\" \/>\n<script type=\"application\/ld+json\" class=\"yoast-schema-graph\">{\"@context\":\"https:\/\/schema.org\",\"@graph\":[{\"@type\":\"WebPage\",\"@id\":\"https:\/\/www.lamhair.be\/shop\/product\/stiff-pommade-loreal-75ml\/\",\"url\":\"https:\/\/www.lamhair.be\/shop\/product\/stiff-pommade-loreal-75ml\/\",\"name\":\"STIFF Pommade L'Or\u00e9al 75ml - Lamhair - boutique\",\"isPartOf\":{\"@id\":\"https:\/\/www.lamhair.be\/shop\/#website\"},\"datePublished\":\"2020-04-17T09:28:01+00:00\",\"dateModified\":\"2020-04-17T13:28:55+00:00\",\"breadcrumb\":{\"@id\":\"https:\/\/www.lamhair.be\/shop\/product\/stiff-pommade-loreal-75ml\/#breadcrumb\"},\"inLanguage\":\"fr-FR\",\"potentialAction\":[{\"@type\":\"ReadAction\",\"target\":[\"https:\/\/www.lamhair.be\/shop\/product\/stiff-pommade-loreal-75ml\/\"]}]},{\"@type\":\"BreadcrumbList\",\"@id\":\"https:\/\/www.lamhair.be\/shop\/product\/stiff-pommade-loreal-75ml\/#breadcrumb\",\"itemListElement\":[{\"@type\":\"ListItem\",\"position\":1,\"name\":\"Home\",\"item\":\"https:\/\/www.lamhair.be\/shop\/\"},{\"@type\":\"ListItem\",\"position\":2,\"name\":\"La boutique\",\"item\":\"https:\/\/www.lamhair.be\/shop\/shop\/\"},{\"@type\":\"ListItem\",\"position\":3,\"name\":\"STIFF Pommade L&rsquo;Or\u00e9al 75ml\"}]},{\"@type\":\"WebSite\",\"@id\":\"https:\/\/www.lamhair.be\/shop\/#website\",\"url\":\"https:\/\/www.lamhair.be\/shop\/\",\"name\":\"Lamhair - boutique\",\"description\":\"\",\"potentialAction\":[{\"@type\":\"SearchAction\",\"target\":{\"@type\":\"EntryPoint\",\"urlTemplate\":\"https:\/\/www.lamhair.be\/shop\/?s={search_term_string}\"},\"query-input\":\"required name=search_term_string\"}],\"inLanguage\":\"fr-FR\"}]}<\/script>\n<!-- \/ Yoast SEO plugin. -->","yoast_head_json":{"title":"STIFF Pommade L'Or\u00e9al 75ml - Lamhair - boutique","robots":{"index":"index","follow":"follow","max-snippet":"max-snippet:-1","max-image-preview":"max-image-preview:large","max-video-preview":"max-video-preview:-1"},"canonical":"https:\/\/www.lamhair.be\/shop\/product\/stiff-pommade-loreal-75ml\/","og_locale":"fr_FR","og_type":"article","og_title":"STIFF Pommade L'Or\u00e9al 75ml - Lamhair - boutique","og_description":"Pommade force 5. Cr\u00e9meuse et repositionnable.  Id\u00e9al quand on d\u00e9sire structurer une coiffure et \u00e9galement savoir y passer ses mains tout au long de la journ\u00e9e.","og_url":"https:\/\/www.lamhair.be\/shop\/product\/stiff-pommade-loreal-75ml\/","og_site_name":"Lamhair - boutique","article_modified_time":"2020-04-17T13:28:55+00:00","og_image":[{"width":690,"height":690,"url":"https:\/\/www.lamhair.be\/shop\/wp-content\/uploads\/2020\/04\/47.jpg","type":"image\/jpeg"}],"twitter_card":"summary_large_image","schema":{"@context":"https:\/\/schema.org","@graph":[{"@type":"WebPage","@id":"https:\/\/www.lamhair.be\/shop\/product\/stiff-pommade-loreal-75ml\/","url":"https:\/\/www.lamhair.be\/shop\/product\/stiff-pommade-loreal-75ml\/","name":"STIFF Pommade L'Or\u00e9al 75ml - Lamhair - boutique","isPartOf":{"@id":"https:\/\/www.lamhair.be\/shop\/#website"},"datePublished":"2020-04-17T09:28:01+00:00","dateModified":"2020-04-17T13:28:55+00:00","breadcrumb":{"@id":"https:\/\/www.lamhair.be\/shop\/product\/stiff-pommade-loreal-75ml\/#breadcrumb"},"inLanguage":"fr-FR","potentialAction":[{"@type":"ReadAction","target":["https:\/\/www.lamhair.be\/shop\/product\/stiff-pommade-loreal-75ml\/"]}]},{"@type":"BreadcrumbList","@id":"https:\/\/www.lamhair.be\/shop\/product\/stiff-pommade-loreal-75ml\/#breadcrumb","itemListElement":[{"@type":"ListItem","position":1,"name":"Home","item":"https:\/\/www.lamhair.be\/shop\/"},{"@type":"ListItem","position":2,"name":"La boutique","item":"https:\/\/www.lamhair.be\/shop\/shop\/"},{"@type":"ListItem","position":3,"name":"STIFF Pommade L&rsquo;Or\u00e9al 75ml"}]},{"@type":"WebSite","@id":"https:\/\/www.lamhair.be\/shop\/#website","url":"https:\/\/www.lamhair.be\/shop\/","name":"Lamhair - boutique","description":"","potentialAction":[{"@type":"SearchAction","target":{"@type":"EntryPoint","urlTemplate":"https:\/\/www.lamhair.be\/shop\/?s={search_term_string}"},"query-input":"required name=search_term_string"}],"inLanguage":"fr-FR"}]}},"_links":{"self":[{"href":"https:\/\/www.lamhair.be\/shop\/wp-json\/wp\/v2\/product\/9299"}],"collection":[{"href":"https:\/\/www.lamhair.be\/shop\/wp-json\/wp\/v2\/product"}],"about":[{"href":"https:\/\/www.lamhair.be\/shop\/wp-json\/wp\/v2\/types\/product"}],"replies":[{"embeddable":true,"href":"https:\/\/www.lamhair.be\/shop\/wp-json\/wp\/v2\/comments?post=9299"}],"wp:featuredmedia":[{"embeddable":true,"href":"https:\/\/www.lamhair.be\/shop\/wp-json\/wp\/v2\/media\/9355"}],"wp:attachment":[{"href":"https:\/\/www.lamhair.be\/shop\/wp-json\/wp\/v2\/media?parent=9299"}],"wp:term":[{"taxonomy":"product_cat","embeddable":true,"href":"https:\/\/www.lamhair.be\/shop\/wp-json\/wp\/v2\/product_cat?post=9299"},{"taxonomy":"product_tag","embeddable":true,"href":"https:\/\/www.lamhair.be\/shop\/wp-json\/wp\/v2\/product_tag?post=9299"}],"curies":[{"name":"wp","href":"https:\/\/api.w.org\/{rel}","templated":true}]}}